3
In base 14, what is -c2d5d + 12?
-c2d4b
In base 12, what is -22a850a - 0?
-22a850a
In base 15, what is -2 - -d19a71?
d19a6e
In base 15, what is -4 + -a6c04?
-a6c08
In base 10, what is -15194 - 494?
-15688
In base 6, what is 315355 + -1121?
314234
In base 15, what is 6 - 12c2e?
-12c28
In base 9, what is 538 + -16704?
-16155
In base 8, what is 466300 + 34?
466334
In base 4, what is -2323302123 + -3?
-2323302132
In base 2, what is -1010101100 + -110101101101000011?
-110101110111101111
In base 4, what is 102 + -21122312?
-21122210
In base 7, what is 365610515 + -2?
365610513
In base 12, what is -4 + 5019b651?
5019b649
In base 16, what is -2 + c95d0?
c95ce
In base 14, what is -2b87c4 + a?
-2b87b8
In base 15, what is -12 - -ac9c?
ac8a
In base 5, what is -3332420 - -43?
-3332322
In base 4, what is -2202033022220 - 1?
-2202033022221
In base 14, what is -d1c + 7ad?
-54d
In base 2, what is -100000000000110110 + -110?
-100000000000111100
In base 6, what is -131442235 - -50?
-131442145
In base 10, what is 0 + -13885716?
-13885716
In base 9, what is -424861787 - -4?
-424861783
In base 3, what is 10 + 1101110200020?
1101110200100
In base 15, what is 4 - -2dabe78?
2dabe7c
In base 12, what is 65 - -467239?
4672a2
In base 12, what is a309 + 247?
a554
In base 15, what is 499a3 - -7?
499aa
In base 10, what is -1 + 11644062?
11644061
In base 6, what is 4 + 1232000000?
1232000004
In base 10, what is -1 + -5819163?
-5819164
In base 7, what is -1033 + 232161?
231125
In base 4, what is -23 - -22111031222?
22111031133
In base 10, what is 260121 + -12?
260109
In base 9, what is -6132 - -2455?
-3566
In base 6, what is 23014454 - -53?
23014551
In base 2, what is 1100 + -1110111000110101?
-1110111000101001
In base 9, what is 4 + -560045143?
-560045138
In base 8, what is -1063 + -3170?
-4253
In base 2, what is -10100101111 + -1001101011100101?
-1010000000010100
In base 13, what is -28 - 509606?
-509631
In base 7, what is 163603630 + 141?
163604101
In base 5, what is -1103220420 + 0?
-1103220420
In base 3, what is 202000222210 - 102122?
202000120011
In base 4, what is 12300322220223 - -1?
12300322220230
In base 2, what is 1010100100 + -11011011110111?
-11010001010011
In base 10, what is 1 - -6109608?
6109609
In base 4, what is 132133002002 + -313?
132133001023
In base 12, what is 24 - -198637?
19865b
In base 11, what is 143a1 - 58?
14344
In base 13, what is -a7 + 76c31?
76b57
In base 5, what is -120 - 2114441104?
-2114441224
In base 4, what is -110301013323 - -22?
-110301013301
In base 7, what is -2332 + 15443?
13111
In base 11, what is 940222 + -16?
940207
In base 15, what is 236309 + -10?
2362e9
In base 5, what is -11101034232 - 11?
-11101034243
In base 8, what is -167 - 10674541?
-10674730
In base 6, what is 20442051 + 2424?
20444515
In base 5, what is 121341 - 244320?
-122424
In base 11, what is 731 + -833?
-102
In base 12, what is 2a7 + -4b8?
-211
In base 9, what is 615553 - -40?
615603
In base 14, what is -1 + -88c022?
-88c023
In base 13, what is 0 - -11c7b42?
11c7b42
In base 8, what is 602406 - 540?
601646
In base 3, what is -101111 - 1021111101?
-1021212212
In base 3, what is 202000000100122 + 0?
202000000100122
In base 10, what is -14 + 2448485?
2448471
In base 10, what is -4 + -295516631?
-295516635
In base 10, what is -3877110 + 57?
-3877053
In base 7, what is -124 - -5242606?
5242452
In base 10, what is -122 - 46514?
-46636
In base 2, what is 10000001011010111 + -101001?
10000001010101110
In base 13, what is -23101443 - -6?
-2310143a
In base 13, what is -c2a750 + -5?
-c2a755
In base 13, what is 97b2 - 2c6?
94b9
In base 10, what is 9 + -751206?
-751197
In base 6, what is 312013235420 - -1?
312013235421
In base 2, what is 1 + -11010011110010101001011101?
-11010011110010101001011100
In base 14, what is -c1498 - -3c?
-c145a
In base 6, what is -302214322 + -3?
-302214325
In base 2, what is 110 + -11010010010101000011?
-11010010010100111101
In base 15, what is -5b7c + -163?
-5ce0
In base 13, what is -1511a + -1b70?
-16c8a
In base 6, what is -3 + -50230403?
-50230410
In base 5, what is 441004 + 12111?
1003120
In base 5, what is -1022 + -14333100?
-14334122
In base 6, what is -2553 + 10052200?
10045203
In base 15, what is -3d0c + -2d?
-3d3a
In base 9, what is 538422833 - -2?
538422835
In base 13, what is 5 - 305721a1?
-30572199
In base 13, what is 300442 + 7?
300449
In base 2, what is -10110010010110001111010100 + 1111?
-10110010010110001111000101
In base 5, what is -40 + 322111141?
322111101
In base 2, what is -1010 - -11011111101110011001?
11011111101110001111
In base 6, what is 4 + -1502241233?
-1502241225
In base 2, what is 1011111101110000101 + 1010?
1011111101110001111
In base 2, what is 101011000000 + 10000001111000001?
10000111010000001
In base 15, what is -22e + e185d?
e162e
In base 12, what is 15aa778 + -6?
15aa772
In base 13, what is 11a4 + 40793?
41967
In base 15, what is -4e1 - 1809e?
-18590
In base 16, what is -3f365 + -9f?
-3f404
In base 4, what is -10130202133031 - 0?
-10130202133031
In base 14, what is 1c0 + -1059a?
-103ba
In base 16, what is -7b1 + 23fa?
1c49
In base 14, what is -26914 - 5ab?
-270c1
In base 12, what is 493a + -60?
489a
In base 3, what is 11122222101 - -20211?
11200020012
In base 2, what is 101101010010000100 - 110010100000?
101100011111100100
In base 11, what is -14 + 9047707?
90476a3
In base 8, what is 712435 - -311?
712746
In base 3, what is 22121121 - 121212?
21222202
In base 6, what is -142 + 24042?
23500
In base 4, what is 1021103 + 11312201?
12333310
In base 3, what is -110102111001111 + 11?
-110102111001100
In base 2, what is 0 - 11001011010101010110?
-11001011010101010110
In base 16, what is b9a1c + 246?
b9c62
In base 5, what is 430133 + -11322?
413311
In base 10, what is 2618 - 42?
2576
In base 6, what is 120224020014 + -5?
120224020005
In base 12, what is -21bb1 - 48b?
-22480
In base 8, what is 1261 - 246264?
-245003
In base 2, what is 11100001010 + 1001011001001110?
1001110101011000
In base 15, what is -4 + -ed7ab4?
-ed7ab8
In base 11, what is -1340a - -14a12?
1603
In base 6, what is 112025145 + -33?
112025112
In base 7, what is -5532364140 - 1?
-5532364141
In base 3, what is -1011201201 + -122000?
-1012100201
In base 11, what is 2 - 15364335?
-15364333
In base 7, what is 2 - -462305025?
462305030
In base 11, what is -3 - 37890685?
-37890688
In base 15, what is -ed09e + -4?
-ed0a3
In base 12, what is 48 + -1b94a5b?
-1b94a13
In base 12, what is 493b8b8 + 19?
493b915
In base 14, what is 663c9 - 1230?
65199
In base 15, what is 1c7a8 + -72?
1c736
In base 14, what is -247b67 + 58?
-247b0d
In base 4, what is -21 - 1203022133?
-1203022220
In base 7, what is -6444451 - -661?
-6443460
In base 16, what is 149db - d7a?
13c61
In base 2, what is -11000 + 11111111101001111?
11111111100110111
In base 3, what is 10 - -121100211020020?
121100211020100
In base 7, what is 53 - -433251?
433334
In base 14, what is 18c7 - -a3b?
2524
In base 5, what is 41 - -331110411?
331111002
In base 11, what is 7 + 4117a01?
4117a08
In base 16, what is -28e10 - 59e?
-293ae
In base 5, what is -344 + -113232120?
-113233014
In base 8, what is -123317715 - 4?
-123317721
In base 3, what is 221 - 1111022112?
-1111021121
In base 8, what is -112 - -5252730?
5252616
In base 3, what is -1012 + -1022020210110120?
-1022020210111202
In base 14, what is -1424a - 3d?
-14289
In base 8, what is -5 - -327442?
327435
In base 11, what is 203 - -31237?
3143a
In base 7, what is 5024511146 + 1?
5024511150
In base 2, what is 100 + 110010100110100101010101?
110010100110100101011001
In base 4, what is 130200102 - -11133?
130211301
In base 9, what is 5 - 503875?
-503870
In base 16, what is -f - -994312?
994303
In base 2, what is -10001100111011100 + -10101100?
-10001101010001000
In base 12, what is -138310 - a1?
-1383b1
In base 16, what is -6802 + -4bb?
-6cbd
In base 11, what is -312a238 - -11?
-312a227
In base 5, what is 13411 - -22020?
40431
In base 16, what is -11e1cd - -10?
-11e1bd
In base 13, what is -1a3 + -2690a2?
-269275
In base 2, what is 101 - 10001010011000000101011?
-10001010011000000100110
In base 4, what is -3 - 12120200212013?
-12120200212022
In base 8, what is -12351672 + 1?
-12351671
In base 4, what is 3010 - -1100112331?
1100122001
In base 15, what is -3 - -b15b5